{"id":92,"date":"2024-06-17T12:10:08","date_gmt":"2024-06-17T12:10:08","guid":{"rendered":"https:\/\/pmbeauxarts.com\/?page_id=92"},"modified":"2024-06-20T19:23:21","modified_gmt":"2024-06-20T19:23:21","slug":"qui-suis-je","status":"publish","type":"page","link":"https:\/\/pmbeauxarts.com\/index.php\/qui-suis-je\/","title":{"rendered":"Qui suis-je"},"content":{"rendered":"\n<p class=\"has-text-align-left\">J&#8217;ai toujours \u00e9t\u00e9 attir\u00e9 par l&#8217;image, et plus principalement la repr\u00e9sentation du visage. Je pratique la peinture \u00e0 l&#8217;huile depuis 20 ans, et ai essay\u00e9 de me concentrer sur le travail par la masse, en respectant particuli\u00e8rement les valeurs (opposition clair \/ obscur) afin de retrouver le model\u00e9.<\/p>\n\n\n\n<p>Cette pratique d&#8217;une peinture approch\u00e9e comme une sculpture avec ses it\u00e9rations d&#8217;apports et retraits de mati\u00e8re, me permet de peindre rapidement, simplifiant la lecture ou au contraire structurant les points d&#8217;int\u00e9r\u00eat.<\/p>\n\n\n\n<figure class=\"wp-block-image size-large has-custom-border\"><img loading=\"lazy\" decoding=\"async\" width=\"1024\" height=\"681\" src=\"https:\/\/pmbeauxarts.com\/wp-content\/uploads\/2024\/06\/DSC_5128-1024x681.jpg\" alt=\"\" class=\"wp-image-116\" style=\"border-radius:27px\" srcset=\"https:\/\/pmbeauxarts.com\/wp-content\/uploads\/2024\/06\/DSC_5128-1024x681.jpg 1024w, https:\/\/pmbeauxarts.com\/wp-content\/uploads\/2024\/06\/DSC_5128-300x199.jpg 300w, https:\/\/pmbeauxarts.com\/wp-content\/uploads\/2024\/06\/DSC_5128-768x511.jpg 768w, https:\/\/pmbeauxarts.com\/wp-content\/uploads\/2024\/06\/DSC_5128-1536x1021.jpg 1536w, https:\/\/pmbeauxarts.com\/wp-content\/uploads\/2024\/06\/DSC_5128-2048x1362.jpg 2048w\" sizes=\"(max-width: 1024px) 100vw, 1024px\" \/><\/figure>\n\n\n\n<p>Quelques peintres qui ne cessent de m&#8217;inspirer : Anders Zorn, Euan Uglow, Diego Velasquez, Joaquin Sorolla, Lucian Freud, Jenny Saville, John Singer Sargent.<\/p>\n\n\n\n<h2 class=\"wp-block-heading\">Bio<\/h2>\n\n\n\n<ul>\n<li>Atelier Imagerie avec Jean-Philippe Escafre<\/li>\n\n\n\n<li>Workshop David Gray, Belfast<\/li>\n\n\n\n<li>Workshop Sean Cheetham, Rome<\/li>\n\n\n\n<li>Workshop Costa Dvorezky, S\u00e9ville<\/li>\n\n\n\n<li>Workshop Nicolas Uribe, Madrid<\/li>\n<\/ul>\n\n\n\n<ul>\n<li>Exposition \u00e0 Albi, salon d&#8217;automne<\/li>\n\n\n\n<li>Exposition \u00e0 Toulouse, Mill\u00e9sime Mets<\/li>\n\n\n\n<li>Exposition \u00e0 Toulouse, Atelier rue Caraman<\/li>\n\n\n\n<li>Exposition \u00e0 Escalquens, Escal&#8217;en Sc\u00e8ne<\/li>\n<\/ul>\n","protected":false},"excerpt":{"rendered":"<p>J&#8217;ai toujours \u00e9t\u00e9 attir\u00e9 par l&#8217;image, et plus principalement la repr\u00e9sentation du visage. Je pratique la peinture \u00e0 l&#8217;huile depuis 20 ans, et ai essay\u00e9 de me concentrer sur le travail par la masse, en respectant particuli\u00e8rement les valeurs (opposition clair \/ obscur) afin de retrouver le model\u00e9. Cette pratique d&#8217;une peinture approch\u00e9e comme une [&hellip;]<\/p>\n","protected":false},"author":1,"featured_media":0,"parent":0,"menu_order":0,"comment_status":"closed","ping_status":"closed","template":"","meta":{"footnotes":""},"_links":{"self":[{"href":"https:\/\/pmbeauxarts.com\/index.php\/wp-json\/wp\/v2\/pages\/92"}],"collection":[{"href":"https:\/\/pmbeauxarts.com\/index.php\/wp-json\/wp\/v2\/pages"}],"about":[{"href":"https:\/\/pmbeauxarts.com\/index.php\/wp-json\/wp\/v2\/types\/page"}],"author":[{"embeddable":true,"href":"https:\/\/pmbeauxarts.com\/index.php\/wp-json\/wp\/v2\/users\/1"}],"replies":[{"embeddable":true,"href":"https:\/\/pmbeauxarts.com\/index.php\/wp-json\/wp\/v2\/comments?post=92"}],"version-history":[{"count":9,"href":"https:\/\/pmbeauxarts.com\/index.php\/wp-json\/wp\/v2\/pages\/92\/revisions"}],"predecessor-version":[{"id":214,"href":"https:\/\/pmbeauxarts.com\/index.php\/wp-json\/wp\/v2\/pages\/92\/revisions\/214"}],"wp:attachment":[{"href":"https:\/\/pmbeauxarts.com\/index.php\/wp-json\/wp\/v2\/media?parent=92"}],"curies":[{"name":"wp","href":"https:\/\/api.w.org\/{rel}","templated":true}]}}